 + 0 + 4 - 3. Give r(g).
3
Let g be 100/(-7) + (-4)/(-14) + 4 + -9. Let a(p) = -4*p - 85. What is a(g)?
-9
Let u(m) = m**3 + 6*m**2 + 5*m + 3. Suppose -6*n - 11 + 53 = 0. Suppose n*y = -76 + 34. Give u(y).
-27
Let q(a) be the first derivative of 0*a + 1/3*a**3 + 1/2*a**2 - 8 - 5*a**4. Suppose 8*l = -28 + 20. What is q(l)?
20
Let g(o) = o**2 - 10*o + 1. Suppose 0 = 8*b + 5*v - 70, 5*b - v + 14 - 66 = 0. Give g(b).
1
Let h be 8 - (2 + (2 - 2)). Let i be 8/((-2)/(-1)) - (-46 - -46). Let z(m) = m + 0*m - h*m - 7 + i*m. Calculate z(-5).
-2
Let m be 0 + 4/6 + (-34986)/153. Let c = m + 227. Let h(o) = 3*o**2 + 7*o - 2. Let s(a) = a**2 + 3*a - 1. Let w(p) = 4*h(p) - 9*s(p). Give w(c).
3
Let c(h) = 62 - 4*h**2 - 6962*h**3 + 29*h**2 - 2*h + 6961*h**3. Give c(25).
12
Let m(d) = 3*d**2 + 6*d**2 + 2*d - 10*d**2 - 6*d**2 - 4 + 8*d**2. Suppose 5*t + 3 + 7 = 0. Let j be (t + 2 - 3)*1. Calculate m(j).
-1
Suppose -12*s + 264 = 168. Let x(b) = 3*b**2 - 9*b - 9. Let k(r) = -r**2. Let d(y) = -2*k(y) - x(y). Give d(s).
17
Let q(v) be the second derivative of 17*v**6/120 - v**4/24 + 88*v**2 + 5*v + 2. Let b(i) be the first derivative of q(i). Let k = 3 + -4. Determine b(k).
-16
Let q(s) be the second derivative of 7/6*s**3 + 0 - 1/6*s**4 + 9*s - 2*s**2. Let z(w) = 7*w + 39. Let m be z(-5). Give q(m).
-8
Let g(k) = -k**2 + 16*k - 29. Let y be (-28)/(-2) + (-22)/44*4. What is g(y)?
19
Let m be (181 - 186) + (0 - -6). Let i(k) = -9*k**3 + k - 1. Calculate i(m).
-9
Suppose 0 = 2*c + 1 - 3. Let r(j) be the first derivative of -j**4/2 + j + 444. Calculate r(c).
-1
Let b(s) = 24*s + 484. Let n be b(-20). Let f(z) = 18*z - 4. Determine f(n).
68
Let x(f) be the third derivative of f**6/120 + 7*f**5/60 - 19*f**4/24 - 13*f**3/6 - 10*f**2. Let s = 1279 - 1288. Calculate x(s).
-4
Let o = -21 + 21. Suppose o = -5*n - 21 + 36. Let r(p) = -p**3 + 6*p**2 + 2*p - 1. Let z(u) = u**3 - 5*u**2 - u + 1. Let q(f) = n*r(f) + 4*z(f). Calculate q(2).
5
Let z(o) = -14*o + 50. Let u = 8728 - 8725. What is z(u)?
8
Let c(g) be the third derivative of g**7/840 + g**6/60 - g**5/60 + g**4/6 - 63*g**3/2 + 2*g**2 - 3. Let y(z) be the first derivative of c(z). Calculate y(-7).
-31
Let y(d) be the first derivative of -d**3/3 - 9*d**2/2 - 17*d - 1986. Calculate y(-10).
-27
Let m(v) be the first derivative of -15*v**2/2 - 40*v + 4504. Calculate m(-13).
155
Suppose 4*l + 56 = -7*u + 3*u, 0 = 4*u + 3*l + 59. Let x(v) = 2*v**2 + 30*v - 76. What is x(u)?
-8
Let l(d) = -d + 3. Let n(b) = 2*b - 6. Suppose 0 = 2*s - 1 - 5. Let t(o) = s*n(o) + 5*l(o). Suppose -5*u + u + 12 = 0. Calculate t(u).
0
Let k be (-4)/6 + (-40)/(-6). Let d = k - 12. Let s(m) = -63*m**2 + 125*m**2 - 61*m**2 + 0 - 35*m + 0 + 40*m. Calculate s(d).
6
Let o(x) be the first derivative of -x**5/60 - 7*x**4/24 - 4*x**3/3 - 128*x**2 - 161. Let v(n) be the second derivative of o(n). Give v(-7).
-8
Let t(i) = i**2 - 9*i + 10. Suppose 30*h + 220 = 74*h. Determine t(h).
-10
Let u(t) = t**3 - 2 - t - 26*t**2 + 71*t**2 - 9*t - 21*t**2 - 27*t**2. Give u(5).
-2
Let r(c) = -c**3 + 3*c**2 + 5*c - 7. Let w = 336 + -333. Let s be r(w). Let g(m) = -m**2 + 9*m - 8. Calculate g(s).
0
Let q(o) = 2*o**3 + o**2 - 3*o + 2. Suppose 0 = f + r - 4, 3*f - 3*r + r - 7 = 0. Suppose -4*u - f = 5*n, 3*n - 5*n - u = 0. Calculate q(n).
2
Let q(v) = 3*v**3 + 7*v**2 + 9*v + 2. Let c(w) = 4*w**3 + 6*w**2 + 8*w - 6. Let l(j) = -2*c(j) + 3*q(j). Determine l(-6).
60
Let u(o) = -11*o**2 + 29*o + 10. Let z(p) = -p**2 + 1. Let n(a) = -u(a) + 6*z(a). Determine n(6).
2
Let k = 220/43 + -4357/860. Let o(m) be the second derivative of -3*m**2 + 0 + 1/12*m**4 - k*m**5 + 15*m - 1/6*m**3. What is o(0)?
-6
Let b(u) = -u**2 - 8*u + 41. Suppose 67*f + 2388 = -52*f - 80*f. Determine b(f).
-7
Let s(u) = u**2 - 77*u + 1172. Let j be s(56). Let q(y) = -2*y**2 - 5*y - 4. What is q(j)?
-16
Let k(u) = u**2 - 11*u - 8. Suppose -9*x + 7*x = -170. Suppose -7*r = -12*r - 365. Let v = r + x. Determine k(v).
4
Let p = -13 + 24. Let k(n) = 0 + 10 - p*n - 15. Let r(j) = 5*j + 3. Let y(z) = -2*k(z) - 5*r(z). Calculate y(5).
-20
Let v(l) be the second derivative of 7*l**3/6 + 43*l**2/2 - 1000*l. Give v(-7).
-6
Let i(k) = k**3 + 13*k**2 - 19*k - 21. Suppose -3 = q - 0*q, -3*q + 5 = -n. Determine i(n).
49
Let d(k) = 2*k**2 - 12*k - 13. Let b = 2204 + -2205. What is d(b)?
1
Let m = -15673 + 15640. Let z(r) = -r**3 - 35*r**2 - 59*r + 234. Calculate z(m).
3
Let n = -5 - -10. Let j be (2 - -2 - 0)*264/(-176). Let g(v) = -42*v - 12. Let m(z) = -23*z - 6. Let f(h) = j*g(h) + 11*m(h). Determine f(n).
1
Suppose 4*r = 11*r - 105. Let c(t) = 10*t + 4 - t**2 + r - 16. Suppose -5*h = 10, -8 = -2*o + 4*h + 14. Give c(o).
24
Suppose 5*b + 5*k = -5 - 10, 4*k = 2*b - 24. Let t(v) = -5*v**2 - 37*v + 26. Let s(o) = o**2 + 7*o - 5. Let q(f) = -11*s(f) - 2*t(f). Give q(b).
-7
Let h(l) = 16946*l - 3 - 3 - 16937*l. Let b(u) = -u + 1. Let a(w) = -35*b(w) - 5*h(w). Determine a(-4).
35
Let y(m) = -6671 - 5*m + 6705 + 14*m. Determine y(-11).
-65
Let h(x) = -x - 5. Let l = 72 - 67. Let v be 0/((-9)/3 + l). Calculate h(v).
-5
Let a(q) = -q**2 - 28*q - 126. Let x be 1221/(-33) + 24 + 3*-3. Determine a(x).
6
Let v(r) be the third derivative of -7/24*r**4 + 0*r - 2*r**2 + 1/120*r**5 - 2/3*r**3 + 0. Let m(t) be the first derivative of v(t). Determine m(0).
-7
Let k(l) = -l**2 - 3*l + 108. Let q be k(-12). Let j(p) = p**2 - 8*p + 3. Calculate j(q).
3
Let z be 7*1 + (65/20 - 26/8). Let u be 4/3*12/8. Let s(f) = 0 + 8*f - 3*f**2 - 5 + 5*f**2 - 3*f**u. Give s(z).
2
Let z(n) = -n**3 + 7*n**2 - 4*n - 6. Let s = -62 - -68. Let p(u) = u**3 - 7*u**2 + 9*u - 13. Let r be p(s). Suppose -31 + 1 = -r*m. Give z(m).
6
Let r be ((-3)/4)/((-4)/(-34 + 18)). Let d(i) = -5*i**2 - 5*i - 2. Let h(m) = 14*m**2 + 14*m + 7. Let n(c) = -17*d(c) - 6*h(c). Give n(r).
-2
Let a(c) be the first derivative of c**3/3 - 11*c**2/2 + 5*c - 809. Let b(v) = -3*v - 1. Let t be b(-4). What is a(t)?
5
Let d be 1 - -51 - (20 + -19). Suppose 46*a - d*a = -15. Let q(t) = -2*t**3 + 5*t**2 - 3*t - 3. Calculate q(a).
-21
Let w = -20574 - -20575. Let n(p) = 5*p**3 + p**2 - 2. What is n(w)?
4
Let m(o) = 8*o**2 + 2*o - 1. Let s be ((-75)/10)/((-1)/2). Let c be (-2)/(-3)*(4 + s/(-6)). Give m(c).
9
Let q(x) = -43*x - 278 + 39*x + 275. Let b(u) = u - 1. Suppose 0*k = 2*k - 2. Let r(n) = k*q(n) + 3*b(n). Calculate r(6).
-12
Let o(y) = -y + 14. Let h(l) = -6*l - 3. Let x be h(-1). Suppose 4*k - 40 = -i - x*i, 0 = -3*i + k + 10. Suppose -i*s + 1 = -4, 2*s = -4*p + 38. Calculate o(p).
5
Let s(c) = -3*c**2 - 83*c + 55. Let q be s(-24). Let z(r) = 161*r - q*r + 159*r + 8. Let m = -20 + 28. Give z(m).
16
Suppose m - 14 = 5*t, 16*t + 46 = -3*m + 20*t. Let j(w) = 2*w**2 + 50*w - 19. What is j(m)?
33
Suppose 0 = -2*a + 4*a. Let t = -242 - -323. Let v(f) = 4 + 10*f - 80*f**2 + t*f**2 + a. Calculate v(-9).
-5
Let z = -195 + 198. Let s(j) = -3*j - 460 + 3*j - z*j + 456. Calculate s(-4).
8
Let k(j) = -2*j**2 - 8*j + 129. Let x be k(-10). Let b(y) = -4*y + 44. Calculate b(x).
8
Suppose -8*r - 210 = -3*r. Let b = 67 + r. Let k(p) = 56*p - 4 - 32*p - b*p. What is k(3)?
-7
Let l(h) be the second derivative of -h**5/20 + 5*h**4/6 + 2*h**3 - 2*h**2 + 3311*h - 5. Suppose 0 = -4*x + 3*z + 41, 24 = 2*x - 0*x + 2*z. Calculate l(x).
7
Let l(i) = 7*i - 1. Let u be (-22)/(-2) + 1 - -1. Let x(s) = -95*s + 100. Let r be x(1). Suppose 0 = -r*n - 3 + u. Determine l(n).
13
Let s(k) be the third derivative of -k**5/60 - 5*k**4/12 - 7*k**3/2 - 199*k**2 + 9. Give s(-10).
-21
Let t be 81/117*(-1092)/(-252). Let v(l) = -5*l**3 - 4*l**2 + 6*l + 4. Let d(x) = -9*x**3 - 8*x**2 + 11*x + 8. Let i(n) = -6*d(n) + 11*v(n). What is i(t)?
5
Let a(c) = 7*c**2 + 41*c + 4. Let i(s) = s**2 + 6*s. Let q(k) = -a(k) + 6*i(k). Give q(-3).
2
Let a(f) = -5 - 3 - 2492*f + 2493*f. Give a(4).
-4
Let b = -2 - 2. Let l(c) be the third derivative of -1/120*c**6 + 0 + 5/6*c**3 + 123*c**2 - 1/24*c**4 - 1/12*c**5 + 0*c. Give l(b).
-7
Let v(a) = -40*a + 1. Let g(z) = -24*z. Let d(i) = -g(i) + v(i). Determine d(7).
-111
Let f = 123 + -118. Suppose -5*h = 5*p, -f*h = 3*p + 4 - 0. Let y(l) = -l - 3*l**p + 2*l**2 - 3*l + 11*l - 5. Give y(5).
5
Let c(j) = 2*j**2 - j - 12. Let m(y) = -y**2 + 6. Let p be (-2)/(-20) - 1755/(-450). Let q(z) = p*c(z) + 9*m(z). What 